e greatest common divisor of b and 14?
2
Let o be (2/4*0)/2. Suppose o*x + 132 = 6*x. Calculate the greatest common factor of 22 and x.
22
Let m(q) = 19*q**2 - 1. Let u be m(-1). Let a(b) = 87*b + 720. Let t be a(-6). Calculate the greatest common divisor of u and t.
18
Suppose 4*c - r + 3 - 54 = 0, -6 = -c - 2*r. Suppose -3*d = -c*d + 27. Calculate the greatest common divisor of d and 12.
3
Let h = 37 + -36. Suppose -4*n = -3*s - 138, n - 4*s - h = 40. Suppose -o = -11 - n. Calculate the greatest common factor of 11 and o.
11
Let o(n) = n**2 - 10*n - 11. Suppose -3*j = -5*r + 2*j + 15, -3*j + 23 = r. Let h be o(r). Let m = h + 33. What is the highest common factor of 6 and m?
6
Suppose -2409 = -16*w + w - 1584. What is the highest common factor of 785 and w?
5
Let m(k) = 56*k - 16. Let x be m(7). Suppose 581*y = 589*y - 376. Calculate the greatest common factor of y and x.
47
Let w be 12 - (-285)/30*1104. Calculate the highest common factor of w and 12.
12
Suppose 3*a - 219 - 53 = -4*q, 0 = -3*a + q + 247. Suppose 60*n = 22*n + 1368. What is the highest common divisor of a and n?
12
Let s = -957 + 396. Let x be (s/(-6 - -9))/(-1). Calculate the highest common divisor of 22 and x.
11
Let y(b) = b**3 + 21*b**2 + 84*b - 110. Let q be y(-11). Let m = 25 - 1. Suppose -3*g = m - 72. What is the greatest common divisor of q and g?
16
Suppose 0 = -30*k + 20*k + 40. Suppose 4*m - 2*h = 118, m - 34 = 6*h - k*h. Calculate the greatest common divisor of 560 and m.
28
Let b = 352 + -342. Let x(d) = 140*d - 70. Let v be x(b). What is the highest common divisor of v and 10?
10
Suppose -b - 6 = -3, 3*c - 4*b = 228. Let y = c + -70. Let k be 3/6 - (-83)/y. What is the greatest common factor of 168 and k?
42
Suppose -4*v = 2*a - 8 + 2, 0 = 2*v + 2. Suppose 16*y - 17*y - 4*b = -318, -5*b = -a*y + 1515. What is the highest common factor of y and 34?
34
Let k be 20/30 - (-463)/3. Let w = k + -125. What is the greatest common factor of 6 and w?
6
Let v(b) = 23*b**2 + 138*b - 52. Let o be v(-10). What is the greatest common factor of o and 496?
124
Let s = -962 + 1022. What is the highest common factor of 324 and s?
12
Suppose 0 = -5*f + 39 + 16. Let l(z) = -5*z + 59. Let d be l(25). Let p be (21/(-56))/(2/8)*d. What is the highest common factor of p and f?
11
Let l = 348 + -282. Let i = l + -56. Calculate the highest common divisor of 250 and i.
10
Let i be 6/5*(-13 + 4 + -1). Let a be -1*(10/i - 1/6). What is the greatest common divisor of 2 and a?
1
Suppose 0 = -3*u - 183 - 390. Let t = 305 + u. What is the highest common divisor of 6 and t?
6
Let p = 52 + 204. Let l = -96 + p. Suppose 2*k = -k + 192. What is the greatest common factor of k and l?
32
Suppose -52*v + 3800 = 78*v - 35*v. Calculate the highest common divisor of 14140 and v.
20
Let t(d) = 158*d - 3516. Let c be t(24). Calculate the greatest common divisor of 11454 and c.
138
Let v be -4 - (1 + -4 + -197). Let c(l) = 5*l - 16. Let j be c(4). Suppose -z = j*z - 140. Calculate the greatest common divisor of v and z.
28
Suppose 3*p - 20 = z, -2*z - 2 - 8 = 0. Let g(n) = 2*n**2 - 17*n - 10. Let f be g(11). Calculate the highest common factor of f and p.
5
Suppose 4*c - 2*r - 10966 = -3588, -4*c + r = -7385. Calculate the highest common factor of c and 11.
11
Let v = 163 + -160. Let g be -19 + 21 - (2 + -248)/v. Calculate the highest common divisor of g and 63.
21
Suppose -2*h - c = -3, -3 = 4*c - 3*c. Let w(r) = 67*r**2 + 19*r - 48. Let x be w(h). Calculate the greatest common factor of x and 18.
18
Let a(l) = -11*l - 344. Let i be a(-46). Let x be 2/(-3)*i/(-18). Calculate the greatest common factor of 102 and x.
6
Let n = -212 + 401. What is the greatest common factor of n and 441?
63
Let b be -11*(-153)/(-27) - (-2)/6. Let t = 137 + b. Calculate the highest common factor of t and 45.
15
Let c be (6/12)/((-8)/(-16)). Let l be ((-74 + 2)*1)/(c/(-2)). What is the greatest common factor of 18 and l?
18
Let s be (210/45)/((-6)/9) + 297. What is the highest common factor of 9628 and s?
58
Let l be 8/14 + (4 - (-872)/(-56)). Let b be (-794)/l - (-13)/(1287/(-18)). What is the highest common divisor of 168 and b?
24
Let t be 27 + -31 - (4 + 0). Let a(f) = 2*f**2 + 12*f + 3. Let y be a(t). What is the greatest common divisor of y and 45?
5
Let t be (15/10)/(280/(-96) - -3). Calculate the highest common factor of t and 1194.
6
Let z(j) = -4*j**2 - 13*j. Let p be z(-3). Suppose 5*m = 3*o - 32, 5*o = -p*m + m + 74. What is the highest common factor of o and 14?
14
Suppose -3*i - i + 3*b - 33 = 0, -5*b + 31 = -4*i. Let n = i - -26. What is the highest common factor of 221 and n?
17
Suppose -80 = -3*p - t, 3*p + 2 - 87 = -2*t. Suppose -5*d = p, 4*f + 0*f + 281 = -5*d. Let v be (-8)/f + 574/16. What is the highest common divisor of 18 and v?
18
Let z(f) = f**3 + 37*f**2 + 26*f + 80. Let j be 502/(-14) - (116/28 - 4). Let s be z(j). Calculate the highest common factor of 80 and s.
40
Let w = 471 - 463. Calculate the highest common factor of w and 4248.
8
Let x be (-15)/(-45) - (-13)/(-3). Let l be 25 + -24 - (0 - -8)*x. What is the greatest common divisor of 1 and l?
1
Let r(x) = x**2 - 3*x + 7. Let s be r(3). Let u(h) = -h**3 + 8*h**2 - 2*h + 12. Let v be u(s). Calculate the highest common factor of 517 and v.
47
Suppose -11*g + 1365 = 4*g. Let t = -86 + g. Suppose 43 = 3*v - t. Calculate the highest common divisor of v and 176.
16
Let w be 25268*(24 + (-6 - 16)). Calculate the greatest common divisor of w and 8.
8
Let d be 2*(8/6 - 2/(-3)). Suppose 120 + 16 = d*j. Let l be -8*(-34)/(-12)*(-3 + -12). Calculate the highest common factor of j and l.
34
Let v = 121 - 46. Let g = 3541 + -3491. What is the greatest common factor of g and v?
25
Let w = 5066 + -5034. Calculate the highest common factor of w and 1424.
16
Suppose 57 = 4*r + 45. Suppose 3*u + 6*t - 1592 = 2*t, r*t = -5*u + 2646. What is the greatest common divisor of 33 and u?
33
Let i = -130 + 133. Let q(x) = 5*x. Let a be q(i). Suppose -3*b - b - 6 = -u, 0 = 2*b. What is the greatest common factor of a and u?
3
Let w be (6 - (-54)/(-12))*568. Let q = w + -851. Calculate the highest common divisor of 3 and q.
1
Suppose 0 = 9*a - 2218 + 679. Suppose -357 - a = -4*i. What is the greatest common factor of i and 36?
12
Let f = 1003 + -981. Suppose 4*s = 6*s + 2, -5*s = 5*w - 160. What is the greatest common divisor of w and f?
11
Let p = -335 + 582. Calculate the greatest common divisor of 589 and p.
19
Suppose -118*u + 13309 = -11471. Calculate the highest common factor of 480 and u.
30
Suppose -5*j + 606 = 7*u - 4*u, 0 = 4*j - u - 478. Let k be 2/4*14368/48 + 5/15. What is the greatest common divisor of k and j?
30
Let t be (-75)/(-20)*(-64)/(-24). Suppose -b + 3*s = -10 - t, -2*s - 50 = -4*b. Let y = 70 + 7. Calculate the greatest common factor of b and y.
11
Let r = 1078 - 54. Suppose 150 = 25*j - 18*j - 74. What is the highest common factor of j and r?
32
Let z(j) = -17*j + 47. Let b(w) = -154*w + 420. Let v(k) = -3*b(k) + 28*z(k). Let i be v(-3). What is the highest common factor of 42 and i?
14
Suppose w - 11*w = -310. Let b = w + -25. Suppose 0 = -2*r - 5*q - 13, 3*q - 7 = -5*r + 8. Calculate the greatest common divisor of r and b.
6
Let f(b) be the third derivative of -1/3*b**3 - 1/24*b**4 + 1/60*b**5 + 0 + 10*b**2 + 0*b. Let s be f(-4). Calculate the greatest common factor of 126 and s.
18
Suppose 0 = 8*i - 69 - 19. Suppose 3*z - 4 = 2. Suppose 0 = -z*x - 3*x + 275. What is the greatest common divisor of i and x?
11
Let d be 2/3 + ((-48)/(-9) - 4). Let o be (d - 35/15) + 263/(-3). Let v = o - -136. Calculate the greatest common divisor of v and 24.
24
Suppose 6*f - 4 = 8. Suppose -5*l + b - 12 = -f*b, l + 4*b = 16. Suppose 0*q - 5*q + 60 = l. Calculate the highest common factor of q and 48.
12
Suppose -74*b + 217*b = 67*b + 15048. Suppose 5*a - 126 = -4*f + 361, 2*a - 194 = -2*f. Calculate the greatest common divisor of a and b.
99
Let n = -287 + 296. Let x = 16 + -14. Suppose -5*m + 135 = -x*m. Calculate the greatest common factor of m and n.
9
Let l(r) = -4*r**3 - 36*r**2 - 123*r + 10. Let o be l(-11). Calculate the greatest common divisor of 1071 and o.
63
Suppose 3*b + 3*h = 264, 3*h = 4*b - 157 - 209. Let l = 341 - 331. Calculate the greatest